w) = -445*w + 178. What is the units digit of x(-5)?
3
Let l be ((-76)/(-95))/((-4)/30). Let j(a) = -4*a - 4. What is the units digit of j(l)?
0
Suppose 0 = -2*l - 4*p - 8, 21 = l - 2*p - p. Let h(i) = i**3 - 6*i**2 + 7*i - 1. What is the units digit of h(l)?
1
Let r be ((-6)/(-18))/(2/(-66)). Let q(x) = -x**2 - 10*x + 13. Let h be q(r). Suppose 48 = h*z - 0*z. What is the tens digit of z?
2
Suppose -36*q = -40*q + 1608. What is the units digit of q?
2
Suppose -3*n = -n - 16. Suppose -n = -5*f + 17. Suppose f*q = -5*t + 145, q - 2*t = 2*t + 19. What is the tens digit of q?
2
Let w be (-4)/(-2*(-2)/(-74)). Suppose 4*b = -4*k + 184, 0*k + w = 2*b - 4*k. What is the units digit of b?
3
Let r = 28 + -24. Let c be 327/9 + r/6. What is the units digit of (-4 - -3)*(0 - c)?
7
Let z be (646/19)/(-1*1). Let s = 40 - z. What is the tens digit of s?
7
Let y(q) be the second derivative of q**5/60 - 5*q**4/24 - q**3/2 - 2*q. Let x(p) be the second derivative of y(p). What is the units digit of x(4)?
3
Let p = 412 - 314. What is the tens digit of p?
9
Suppose 28 - 37 = i. Let u(q) = q**2 + 7*q - 8. What is the tens digit of u(i)?
1
Let j be 4/(-54)*-3 + 1400/18. Suppose -6*w = -546 - j. What is the hundreds digit of w?
1
Suppose 21*y + 2721 = 24*y - 3*p, 0 = 5*p + 10. What is the tens digit of y?
0
Let b = 43 - -56. Suppose 4*w = -5*c - 90 + 601, c - b = -4*w. What is the tens digit of c?
0
Suppose 0 = -b + 3*k + 77, 5*b - k - k = 411. What is the units digit of b - 1 - 0/(-3)?
2
Let x(r) = 4*r - 6. Let p = -30 - -24. Let s be x(p). Let m = s + 51. What is the tens digit of m?
2
Let n be (-1)/2*(20 + (4 - 2)). Let z = n + 258. What is the tens digit of z?
4
Let f be -12 + 3/12*0. Let l = f + 15. Let g(h) = 2*h**3 - 4*h**2 + h + 2. What is the units digit of g(l)?
3
Suppose 0*u + 33 = -u. Let t = u + 100. Suppose 0 = 3*v + 4*f - t, 5*v + 0*v - f - 81 = 0. What is the tens digit of v?
1
Let i(s) = 3*s**2 + s - 34. Let a be 1/(15/7 - (-5 + 7)). What is the units digit of i(a)?
0
Let p = -443 - -801. What is the hundreds digit of p?
3
What is the tens digit of ((-10)/5 + 1)*-7 + 1658?
6
Suppose 530 = 3*r - 40. What is the units digit of r?
0
Let b(p) = p + 3. Let s be b(-2). Let z(y) = -2*y - 1. Let h be z(-14). Let a = s + h. What is the tens digit of a?
2
Let m(l) = 18*l**2 - 5*l - 3. What is the tens digit of m(-6)?
7
Suppose 0 = -2*l + 3*l + 2*g - 9, 93 = 5*l - 2*g. Let x = l + -5. What is the tens digit of x?
1
Let c = 371 + 291. What is the units digit of c?
2
Let y = 1476 - -84. What is the thousands digit of y?
1
Let j be ((-7)/(-3))/(18/54). Suppose -272 - 162 = -j*x. What is the tens digit of x?
6
Suppose -u - 5*j + 758 = 0, -973 = -2*u + 4*j + 571. Suppose -2*h - u = -3*z + h, -2*z = -5*h - 524. What is the hundreds digit of z?
2
Let u(h) = h**2 + 6*h + 3. Let a be u(-6). Suppose 6 - 96 = a*g. What is the tens digit of ((-216)/g)/((-1)/(-5))?
3
Let o(s) = -s + 7. Let r be o(7). Suppose r = -3*f - 11 + 98. What is the tens digit of f?
2
Let y(n) = -n. Let r be y(-2). Suppose r*g = -2*g + 112. Let m = g + -15. What is the tens digit of m?
1
Suppose -10 = -s - 13, 5*s - 849 = -2*z. What is the tens digit of z?
3
Let n = 1 + 4. Suppose 4*z - n*b - 518 = 0, z - 168 + 49 = -4*b. What is the tens digit of z?
2
Let z(h) = -h**2 + 2*h + 4. Let v be z(3). Let w be -2*(4/(-2) + v). Suppose -2*f = -f - w. What is the units digit of f?
2
Suppose -f = -5*w + 400, 2*w - 6*w - 2*f + 320 = 0. Let m = w + -21. What is the tens digit of m?
5
Suppose -7*j = 6*j - 11167. What is the units digit of j?
9
Suppose 3*f + 2*p + 35 = 0, -9*p = -5*p - 8. Let q(l) = -l**2 - 15*l + 14. What is the tens digit of q(f)?
4
Let r(l) = -l**3 - 19*l**2 - 16*l + 24. Let m be r(-18). What is the hundreds digit of ((-20)/m)/((-2)/(-240))?
2
What is the tens digit of (3 - 7/2)/((-8)/384)?
2
What is the units digit of 7102/26 - (2 - 96/52)?
3
What is the tens digit of -1*(-2)/(-6) + 25580/60?
2
Suppose 5*c - u - 10 - 16 = 0, -3*c + 14 = u. Let k be (-21)/(-105) + 154/c. Suppose 34*y = k*y + 126. What is the units digit of y?
2
Let s(x) = 0*x**2 - 13*x + 12*x + 5*x**2 + 1 + 76*x**3 - 4*x**2. What is the tens digit of s(1)?
7
What is the tens digit of 1/3 + 4*(-70547)/(-228)?
3
Let a be (-1 - 4) + (-1 - -1). Suppose -40 = 5*z + 5*u, -6*z + 7*z + 3*u + 18 = 0. What is the tens digit of 32 + (a + z)/4?
3
Let p = 15 + 43. Let o(z) = z**3 + z**2 - 11*z - 5. Let n be o(-4). Let g = n + p. What is the units digit of g?
9
Let i(r) = -4*r - 12. Let f be ((-4)/5)/((-3)/30). Let t be i(f). Let k = t + 77. What is the units digit of k?
3
Suppose 2*i + 0*i = 0. Let c be (-40 - 2)*((-6)/2)/6. Let y = c + i. What is the units digit of y?
1
Suppose 9 = 2*z - 1. What is the tens digit of 38 - 25/z - (1 - 3)?
3
Let y(z) = z**3 + 8*z**2 - 11*z - 7. Let l = 27 + -21. Let f be -6*l*(-2)/(-8). What is the units digit of y(f)?
1
Let l(d) = d**3 - 6*d**2 + 12*d - 10. What is the units digit of l(6)?
2
Let y = 1711 - 1126. What is the hundreds digit of y?
5
What is the units digit of 347 - (5/(-15) - (-39)/9)?
3
Suppose -5360 = -5*y - 4*b + 3572, 8950 = 5*y - 5*b. What is the thousands digit of y?
1
Let r(s) = 6*s**2 + 8*s + 1. What is the units digit of r(-2)?
9
Let z(i) = 18*i**2 + 5*i + 1. Let v be z(-6). Suppose -741 - v = -10*y. What is the hundreds digit of y?
1
Suppose 2*o + q = 237, 5*o - 295 = 2*q + 275. What is the units digit of o?
6
Suppose 0 = 6*q - 8*q + 10. Suppose 99 = q*v - 11. What is the units digit of v?
2
Let p(o) = -o**2 - 69*o - 64. What is the tens digit of p(-42)?
7
Let j(y) = 2*y**2 - 3*y + 4. Let c be j(2). Let m = c - -83. What is the units digit of m?
9
What is the hundreds digit of 683 + ((-3)/4)/((-27)/72)?
6
What is the tens digit of (-3362)/(-6) - (1 + 10/(-6))?
6
Suppose 571*b = 575*b - 3272. What is the units digit of b?
8
Let q(a) = 155*a**2 - 165*a**2 + 5 - 3*a**3 + 2*a**3 - a. What is the tens digit of q(-10)?
1
Suppose 5*t + 390 = -4*x + 1136, -t + 152 = -2*x. What is the hundreds digit of t?
1
Suppose 22 = -y - 4. Let t = -25 - y. What is the units digit of t?
1
Let z = -64 + 62. What is the tens digit of z/12 + (-631)/(-6)?
0
Let c be -4 + 2/(-5)*-5. Let v be (-2 + -11 + 1)/c. Suppose 95 = -y + v*y. What is the tens digit of y?
1
Let c = 17 - 11. Suppose 7*a - c = 4*a. What is the tens digit of 30 + a/((-6)/(-9))?
3
Let a = 4564 - 2360. What is the tens digit of a?
0
Let m = 994 + 607. What is the thousands digit of m?
1
Suppose 7*c - 46 = 9*c. Let h = c + 32. What is the units digit of h?
9
Suppose 75 = 5*h - 5*t, -3*t = -2*h + 6*h - 39. What is the units digit of -2*((-16)/(-12) - 298/h)?
7
Suppose -208*t + 207*t = -931. What is the hundreds digit of t?
9
What is the hundreds digit of 3435/25 + (-1)/((-20)/(-8))?
1
Let r be (1/(-2))/(3/(-6)*1). What is the units digit of -4 + (-1)/((1/(-137))/r)?
3
Let v = -561 - -743. What is the units digit of v?
2
Suppose -3 = 2*h - 7. Suppose 89 = 4*j + t, -t = h*j - 4*t - 27. Suppose 22*k - 11 = j*k. What is the units digit of k?
1
Suppose -2*d + 10 = 0, 4*h - 3*d = -2 - 5. Suppose -h*c - 117 = -3*p, 70 = 2*p + 5*c - 27. What is the units digit of p?
1
Let t be 23 - 196 - (-3)/1. What is the tens digit of (4 + t)*(-2)/4?
8
Suppose -2*w - 5*g = -397 - 1894, 0 = w - g - 1156. What is the tens digit of w?
5
Suppose 3*b - 3*j - 3136 = -2*j, 5*b + 2*j - 5234 = 0. What is the thousands digit of b?
1
Let w(t) be the third derivative of 5*t**4/24 + 13*t**3/3 + 7*t**2. What is the units digit of w(12)?
6
Suppose 5 = 3*c - 31. Suppose k - c = -3*t + 4*t, 0 = -4*k - t + 28. Suppose k*y = 4*y + 32. What is the units digit of y?
8
Suppose 10379*f = 10370*f + 20160. What is the hundreds digit of f?
2
Suppose 5*z - 21602 = 4*h + 10552, 3*z = -2*h + 19310. What is the thousands digit of z?
6
Let i be (-3*(-3)/(-15))/((-3)/90). Let l(o) = o**2 - 9*o - 39. What is the hundreds digit of l(i)?
1
Let p(g) = g**2 + 13*g + 15. Let z be (-30)/(-8) - 1/(-4). Suppose -z*q + y = 15 + 38, 2*q + 5*y = 1. What is the units digit of p(q)?
3
Let j(n) be the first derivative of 2*n**2 - 11*n + 9. Let g be j(4). Let s(i) = 8*i - 6. What is the units digit of s(g)?
4
Let f be 17/4 + (-7)/(0 + 28). What is the units digit of 69 + 0 + (5 - f)?
0
Suppose 0 = -6*r + 524 